 be the third derivative of h**4/24 + 8*h**3/3 + 3*h**2. Let z(a) = 28*a + 2933. Let s be z(-105). Determine t(s).
9
Let w(c) = c**2 - 41*c + 273. Let m be w(33). Let v(y) = y**3 - 10*y**2 + 16*y - 29. Give v(m).
34
Let w(x) = -x**2 + 7*x - 8. Let y be w(6). Let g be 2/y*1*2. Let q(m) = 1 - 12*m - 3*m + 2*m**2 - 7*m + 21*m. Give q(g).
11
Suppose -48 = 2*s + 2*h, -230*s + 231*s + 26 = -2*h. Let f(n) = 2*n + 43. Give f(s).
-1
Let i(g) = g - 4. Let r(f) = 8. Suppose -2*j + 34 = 5*m + 46, 2*m - 2*j = -2. Let p(t) = m*r(t) - 5*i(t). Let o be (-4)/10 - 54/(-10). What is p(o)?
-21
Let t(o) = -4*o**2 + 4*o**2 - 4*o**2 - 1 - o + 2*o**2. Suppose 5*z - 4*j + 35 = 0, -51*j + 6 = 3*z - 48*j. What is t(z)?
-16
Let u(v) = 10*v**2. Let c be 3 + (7 - 8) - -1. Suppose 8*s = 3*t + 6*s - 1, 2*s - 5 = -c*t. Determine u(t).
10
Let w(y) = -1103 - 1329 + 2268 - 32*y. Give w(-5).
-4
Let a(p) = -63*p - 124. Let r be a(-8). Let j(i) = 2*i**2 + r*i - 1 - 382*i + 4*i**2 - i**3. Give j(3).
20
Let p(a) = -a**2 + 23*a + 42. Suppose -63 = -3*i - 3*m, 3*i + 13*m - 67 = 12*m. What is p(i)?
42
Suppose -35 = 5*h - 5*g, 3*h - 2*g + 21 = -3*g. Let t(q) = 19*q**2 + 11*q + 12. Let w(d) = 35*d**2 + 21*d + 21. Let z(o) = -11*t(o) + 6*w(o). Determine z(h).
8
Let n be 11 + (0 - 4) + 0 + 0. Let h(j) = 94*j**2 + 3*j - j**3 - n*j - 90*j**2. Let w(g) = g**2 - 8*g + 10. Let d be w(7). Give h(d).
-3
Suppose -81*g - 18 = -87*g. Suppose -5*a + 2*m - 19 = 0, -g*a - 3*m - 26 = -2. Let j(u) = u**2 + 3*u + 4. What is j(a)?
14
Let l(w) be the third derivative of -7*w**5/120 + w**4/6 + 52*w**3/3 + 111*w**2. Let r(x) be the first derivative of l(x). Calculate r(3).
-17
Suppose 5*o = 33*o. Let s be 6 - (-3 + 1)*-2. Let u(l) = 0*l + 5 + 5 - l - s. Determine u(o).
8
Let n(d) = 5*d**2 - 175*d + 476. Let x be n(32). Let j(y) = -y**2 - 33*y - 110. Give j(x).
6
Let v(y) = -4*y**2 + 11. Let n(a) = 11*a**2 + a - 34. Let b(l) = -3*n(l) - 8*v(l). Let z(d) = -d**2 - 32*d + 138. Let m be z(4). What is b(m)?
-4
Let t(u) = -5 + u**3 - 7*u - 2*u - 2*u**3 + 9*u**2. Let w = -267 - -272. Suppose -12 = -s + w*z + 11, s + 4 = -4*z. Give t(s).
-13
Suppose -h = 1, h - 427 = 3*s - h. Let l = s - -140. Let v(w) = 3*w**2 + 3*w - 3. What is v(l)?
15
Let j(h) = -72 + 289 - 57*h - 86 - 80. Give j(1).
-6
Let t(s) = -9*s**2 - 41*s + 10. Let g be (-31)/7 + 21 + (-3744)/182. Give t(g).
30
Let f(z) be the third derivative of 0 + 1/120*z**6 - 11/60*z**5 + 0*z + 18*z**2 - 1/12*z**4 + 5/6*z**3. Calculate f(11).
-17
Let a be (-28)/(-36) - (-2)/9. Suppose -4*j + j + 16 = 5*y, -5*y + 10 = 0. Let r(i) = -7*i**j + 5*i**2 + 1 - i**2 - 7*i**2. Give r(a).
-9
Let i = -101 + -124. Let n = -237 - i. Let l(w) = -w**3 - 12*w**2 + 1. Determine l(n).
1
Let w(l) be the second derivative of l**5/20 + l**4/3 - 4*l**3/3 - 7*l**2/2 + 75*l - 2. Let b = -68 - -63. Give w(b).
8
Let b(w) = w. Let p be 0 - (-4 - 1) - -345. Let j = 346 - p. Calculate b(j).
-4
Let t(q) be the first derivative of q**4/4 + 16*q**3/3 + 13*q**2/2 - 5*q - 1222. Determine t(-15).
25
Let r(z) = 6*z + 160. Let k(u) = u**3 + 20*u**2 + 19*u - 27. Let w be k(-19). Let t be r(w). Let d(n) = -2*n - 6. Determine d(t).
-2
Let i(u) = u**2 + 2*u + 5. Let o = -744 + 747. Let r be ((-72)/54)/(o/(-9)). Give i(r).
29
Suppose -609 - 119 = -41*r - 72. Let d(i) be the third derivative of 0*i - 1/2*i**5 - 1/6*i**3 - r*i**2 + 1/12*i**4 + 0. Calculate d(1).
-29
Let s(w) = 6 - 3*w + 17*w - 49*w + 18*w + 18*w. Let m = 10 - 17. Give s(m).
-1
Let x(y) = 216*y**2 - 426*y**2 + y + 44 + 211*y**2. Determine x(0).
44
Suppose 0 = -41*w + 42*w. Suppose 2*m + q - 14 = 0, 2*q + q + 6 = w. Let r(i) = -i**2 + 7*i + 11. Calculate r(m).
3
Let m(p) = 6 - 4 - 7 - 2*p - 3. Let r = 400 + -418. Let k be (-3)/2 + -11 + (-135)/r. Calculate m(k).
2
Let l(m) = 8*m + 2. Suppose -265*w = -264*w + 2. Calculate l(w).
-14
Suppose 0*n - 3*n - y = -1, 0 = 2*n - 3*y - 19. Let o(c) = 5*c - 7. Let z(q) = -3*q + 6. Let m(d) = n*o(d) + 3*z(d). Determine m(-7).
-3
Let d(g) = g + 8*g**2 - 9 - g**2 + g**3 + 2. Suppose 1498 + 417 = -248*y + 179. Calculate d(y).
-14
Let n(f) = -2*f**3 - 9*f**2 + 16*f + 2. Let t(v) = -3*v**3 - 20*v**2 + 33*v + 3. Let q(l) = -5*n(l) + 3*t(l). Calculate q(14).
69
Let g(w) = w**2 + 4*w - 12. Let l be g(-6). Suppose -4*c + 3*a - 9 + 3 = 0, -5*c + 2*a - 11 = l. Let o(b) = -b - 2 - 2 + 3. What is o(c)?
2
Let f(o) = -21 - o + 3797*o**2 + 3783*o**2 - 7579*o**2. What is f(-5)?
9
Let a(y) = -2*y + 14. Let i be a(10). Let z be 3 - i*(-3)/6. Let o(k) = 3*k + 5. Let p be o(z). Let l(s) = -3*s - 3. Determine l(p).
-18
Suppose 9 + 19 = 4*g. Suppose -2 - g = 3*h. Let f(o) = -25*o + 2. Let n(q) = -61*q + 7. Let b(r) = 5*f(r) - 2*n(r). Calculate b(h).
5
Let t(b) = -b**3 + 47*b**2 - 64*b - 29. Let d(r) = 2*r**2 + r + 3. Let v(p) = 5*d(p) - t(p). Determine v(35).
9
Let i be -2 - 1/(2/(-28)) - 15/(-3). Let s(p) = -4*p + 89. Determine s(i).
21
Let h(i) = 8*i - 57. Suppose -650*j - 203 = -679*j. Give h(j).
-1
Let h be ((-10)/(-4))/((-7)/(-1190)). Suppose 0 = 5*d + 2*q - h, d + 2*q + 170 = 3*d. Let o = d + -76. Let a(s) = -s**3 + 8*s**2 + 10*s - 12. What is a(o)?
-3
Let x(v) = 2*v + 9. Let l(y) = y - 1. Let t(m) = 3*l(m) - x(m). Let r = 35 - 37. Let d(f) = f**3 + 3*f**2 + 2*f. Let a be d(r). What is t(a)?
-12
Let x be (2 - (-6)/(-3))/(5 - 8). Suppose 25 = 2*u - 6*v + 3*v, x = -4*u - v + 85. Let t be 8/u + 3/5. Let y(o) = -16*o**3 - o**2 - o + 1. What is y(t)?
-17
Let z(f) = -19*f**3 + 18*f**2 - 14*f - 13. Let q(p) = 23*p**3 - 19*p**2 + 19*p + 13. Let d(h) = 5*q(h) + 6*z(h). Let r = 11 - 29. Let o = 6 + r. Give d(o).
-1
Let o = 2938 + -2901. Let j(b) = b**3 - 39*b**2 + 73*b + 50. Determine j(o).
13
Let m(z) be the first derivative of 13*z**2/2 + 93*z + 9787. What is m(-6)?
15
Let k(o) be the second derivative of o**6/360 - o**5/12 + o**4/12 + 65*o**3/6 + 61*o. Let z(y) be the second derivative of k(y). Determine z(8).
-14
Let h(b) = 29*b - 45. Let q(x) = -140*x + 223. Let s(n) = 29*h(n) + 6*q(n). Determine s(-8).
25
Suppose -358 = -7*w - 316. Let p(n) be the first derivative of 2 + 0*n**2 + 2*n**3 - 1/4*n**4 + n. Calculate p(w).
1
Let z = -5866 + 5892. Let d(m) = -m**3 + 28*m**2 - 51*m - 11. Give d(z).
15
Suppose o + 1 = -4, -4*l - 20 = 4*o. Let x(m) = -m**2 + m + 100. What is x(l)?
100
Let j = 12640 + -12649. Let d(p) = -2*p + 1. Let u(m) = m - 1. Let o(x) = 3*d(x) + 4*u(x). Give o(j).
17
Suppose y - 25 = -5*q, -y + 25 = 5*q + y. Let f(x) = 4*x**2 + 2*x**2 - 2*x + q*x**3 + 0*x**2 - 4*x**3. Determine f(-6).
12
Let q(m) = 5*m**2 - 5*m - 43. Let k(s) = 4*s**2 - 4*s - 38. Let z(v) = 6*k(v) - 5*q(v). Let u be (-4)/26 + 10/65. Suppose u = -g - 3*g. Give z(g).
-13
Let u be 1 - (-5 + (3 - 1)). Let t(s) = -419 - 411 + 840 - 5*s. Determine t(u).
-10
Suppose 250 = 11*h + 327. Let i(q) be the second derivative of -q**4/12 - 4*q**3/3 - q**2 + 143*q. Determine i(h).
5
Suppose -4*m + 65 = -15. Suppose -4*f - 8 = -m. Suppose 3*y + 15 = -f*r, -6*y - 8 = -5*y + 4*r. Let u(w) = w**2 + 4*w. Calculate u(y).
0
Let h(b) = b**2 - 3*b - 7. Let j = -289 + 428. Suppose j = 4*l + 3*s, 0 = -2*l + l - 3*s + 28. Let v = 43 - l. Give h(v).
11
Let x(d) be the first derivative of d**4/4 - 10*d**3/3 + 3*d**2/2 - 1411. Calculate x(8).
-104
Let f(b) = 77. Let w(l) = 15. Let s(d) = 2*f(d) - 11*w(d). Let c = -9 + 14. Let r(y) = y + 1. Let m(t) = c*r(t) + s(t). Give m(4).
14
Let u(i) = -3*i**2 + 6*i - 4. Suppose 18*j + 2*d = 16*j + 4, -j = -5*d + 4. Calculate u(j).
-1
Let z(y) = y**3 + y**2 - 12*y - 2. Suppose -22*l = 30*l - 156. Determine z(l).
-2
Let q be (-10)/(-6)*(-40 - 8236/(-145)). Let v(s) = -s**3 + 29*s**2 - 30*s + 71. Calculate v(q).
15
Let m(o) = -358*o - 350*o + 1073*o - 5 - 354*o. Give m(2).
17
Let q(z) = 2*z + 15. Suppose -3*a - 485 = 4*t - 466, 0 = -5*t + 4*a - 47. Give q(t).
1
Suppose -3*m = -3*b, 25 = 17*m - 14*m + 2*b. Let r(h) be the third derivative of h**4/24 - 5*h**3/3 - h**2. What is r(m)?
-5
Let x(w) = -2*w**3 + w + 1. Let v(h) = 3*h**3 + 22*h**2 + 73*h + 461. Let n be v(-7). Calculate x(n).
2
Let a(z) = 13. Let x(v) = 33*v + 71. Let q(t) = a(t) - x(t). Determine q(-2).
8
Let g(k) = 4*k + 11. Let s(o) = 1. Let p(x) = -g(x) - 3*s(x). Let n be p(-4). Let y(f) = -4*f**n - 3 + f + 2 + 5*f**2. Give y(2).
5
Let u = -69 - -72. Suppose u*w = -3*w + 42. Suppose